f w.
2, 3
Let d = 669 - 134. List the prime factors of d.
5, 107
Let g(w) = 33 + 24*w - 14 - 20. What are the prime factors of g(1)?
23
Suppose 37*g + 20 = 41*g. Let a be 4/3 + 4/6. List the prime factors of (-1)/g*a*-70.
2, 7
Let b = 10 - -32. Suppose b*l + 320 = 47*l. List the prime factors of l.
2
Let q(o) = o**2 + o - 1. Let y(p) = -3*p**2 + 9*p - 15. Let f(m) = 4*q(m) + y(m). Let d be f(-14). List the prime factors of ((-14)/d)/((-4)/(-10)).
7
Suppose -2*i - 7*m + 5*m = 12, 21 = -4*i - 3*m. List the prime factors of (18/12)/(i/(-462) + 0).
3, 7, 11
Let z(k) = -k**3 + 15*k**2 - 29*k - 12. Let s(l) = l**2 + 2*l - 3. Let g be s(3). List the prime factors of z(g).
2, 3
Let r = 53 + 91. Let u = r + -97. What are the prime factors of u?
47
Suppose 23*p + 847 = 76287. List the prime factors of p.
2, 5, 41
Suppose 0*y - 5*d = -2*y + 117, -5*d - 219 = -4*y. Suppose -y = -0*h - h. List the prime factors of h.
3, 17
Suppose -29*r + 9534 = -28*r. List the prime factors of 4/(-14) + (r/(-49))/(-2).
97
Let i = -13 + -12. Let u = i - -32. What are the prime factors of (-3)/(-21) + 111/u?
2
Let t = 2150 + -1370. What are the prime factors of t?
2, 3, 5, 13
Let d be 22*((-6)/4 + 0). Let u = -17 - d. What are the prime factors of u?
2
Let a be ((-16)/(-24))/((-2)/(-18)). What are the prime factors of ((-56)/24)/((-2)/a)?
7
Suppose 3*c + 4*o - 2*o = 8, 3*o - 12 = 0. Suppose 4*z - 917 + 121 = c. List the prime factors of z.
199
What are the prime factors of (-1 - 1672/6)/((-3)/27)?
3, 839
Let j(h) = 8*h - 21. Let s be j(6). Let m = s + -8. List the prime factors of m.
19
Suppose 14875 + 42686 = 21*s. List the prime factors of s.
2741
Let w = 24 - -38. List the prime factors of w.
2, 31
Suppose 5*p - 4*d = 354, -d - 12 = -4*d. Let u be (6/(-5) + 0)/((-10)/25). Suppose -4*h + 112 = 4*q, -q - p = -u*h + q. List the prime factors of h.
2, 13
Suppose 5*k - 6*k - 2 = 0. Let b be k + 6 - (-6 - -5). List the prime factors of 5/(b/34) + 1.
5, 7
Let b be (17 - 16) + (0/(-1) - -3). List the prime factors of ((1/2)/(b/(-632)))/(-1).
79
Suppose -2*d = -3*d - 90. Let v be (-367)/9 - (-20)/d. Let g = 80 + v. List the prime factors of g.
3, 13
Let l(y) = -551*y + 2. What are the prime factors of l(-1)?
7, 79
Let r(h) = 2*h**2 + 7*h + 5. Let i(p) = -2*p**3 - 3*p**2 + 2. Let b be i(-2). Let x be 4/b - (-14)/(-3). What are the prime factors of r(x)?
3
Let z(q) = -670*q**3 - 11*q**2 - q. List the prime factors of z(-1).
2, 3, 5, 11
Suppose -3*k + 119 = -3*r + 32, 66 = -2*r + 4*k. What are the prime factors of 90 - (-10)/r*5?
2, 11
Let c(l) = -l + 32. Let b be c(14). Suppose 6267 - 1839 = b*p. What are the prime factors of p?
2, 3, 41
Let o = -5 + 9. Suppose 1256 = -0*b + 4*b + o*h, -3*b + 912 = -3*h. What are the prime factors of b?
3, 103
Let p = -627 - -798. List the prime factors of p.
3, 19
Let w = 17 + -19. Let k = w - -33. What are the prime factors of k?
31
Let m(s) be the first derivative of s**3/3 + 3*s**2/2 - 3*s + 7. Let n be m(-4). Let c = n - -3. What are the prime factors of c?
2
Let k(u) = -u**3 - u**2 + u + 1. Suppose b + 2 = -3*g - 5, -3*b + 4*g - 8 = 0. What are the prime factors of k(b)?
3, 5
Let n = -4 - -9. Let l(s) = -2 - 13*s + 0*s + 1 - 6 + 17*s. What are the prime factors of l(n)?
13
Let r(d) = -d**2 + 3*d + 710. List the prime factors of r(0).
2, 5, 71
Let n(v) = -v**2 - 4*v + 8. Let c be n(-8). Let k = c - -56. List the prime factors of k.
2
Suppose 0 = -65*d + 66*d - 395. What are the prime factors of d?
5, 79
Let l(j) = -10*j + 4. Let v be l(1). List the prime factors of 54*-5*(-3)/v*-1.
3, 5
Let x = -195 - -310. Suppose -117*w = -x*w - 186. What are the prime factors of w?
3, 31
Let o = -13 + 12. Let f(g) = -18*g + 3. What are the prime factors of f(o)?
3, 7
Let p(h) = h - 4. Let s be p(8). Suppose -5*z = s*a, 0 = 7*z - 3*z + a. What are the prime factors of -3 + (16 + z - 0)?
13
List the prime factors of -2*(-7)/(-14) + 556.
3, 5, 37
Suppose -27*j + 26*j + 3 = 0. Let o(n) = 9*n**3 - 4*n**2 + 10*n - 2. List the prime factors of o(j).
5, 47
Let y(j) = j**2 - 9*j - 9. Let g(v) = v**3 - 6*v**2 + 5*v - 7. Let c be g(5). What are the prime factors of y(c)?
103
Suppose 6*i = 3*i. Suppose -5*m - 234 - 1 = i. Let z = -20 - m. List the prime factors of z.
3
Suppose -3*s = 3*g - 366, 3*s - 49 + 385 = 3*g. What are the prime factors of g?
3, 13
Let j = 144 - 76. Suppose 4*l - 184 = j. What are the prime factors of l?
3, 7
Suppose -5*o = -p + 2, -4*o + 0*o - 10 = -5*p. Suppose z = 3*u - o*u - 193, 2*u + z - 127 = 0. List the prime factors of u.
2
Let m be (84 - (-1 + 4)) + 0. Suppose 72 - 27 = 2*f + j, -4*f = -j - m. What are the prime factors of f?
3, 7
Let q be 5/10 + 1/2. Let d(w) = 4*w - 2. Let o be d(q). Suppose 0 = -5*g + o + 18. What are the prime factors of g?
2
Suppose 4*n + 0*n - 3*i - 23 = 0, 4*i = -20. Suppose 10 = -n*v, -q + 2*q + 4*v - 4 = 0. What are the prime factors of q?
2, 3
Let a be (-240)/(-42) + 2/7. Suppose a*i = i. Suppose 3*f = w - 2*w + 27, i = 3*w - 5*f - 25. What are the prime factors of w?
3, 5
List the prime factors of (-24)/(-16)*(17970/9)/5.
599
Suppose -109*s + 108*s + 1496 = -3*z, -3*s + 4460 = -2*z. List the prime factors of s.
2, 7, 53
Let z(x) = 2 - x**3 - 13*x - 18*x**2 - 2*x + 4*x. What are the prime factors of z(-18)?
2, 5
What are the prime factors of -2219*7/((-245)/15)?
3, 317
List the prime factors of 60/330 - (-7762)/22.
353
Let p = 160 + -34. List the prime factors of p.
2, 3, 7
Let a(x) = -x**2 - 20*x + 17. Let r = 20 - 33. What are the prime factors of a(r)?
2, 3
Suppose 6110 = -3*d + 16*d. What are the prime factors of d?
2, 5, 47
Suppose 4*w = -f + 11, 0*f + 14 = f + 5*w. Let n = -3 + f. List the prime factors of 136/(-32)*(0 + n).
17
List the prime factors of 76/(-114) + (0 - (-1912)/6).
2, 3, 53
Let t be 33 + -8 - 3*1. Let m = t + -10. Suppose 3*k = m + 129. What are the prime factors of k?
47
Let u be (-2)/(1 + (-15)/9). Suppose 2*g + u*g + 40 = 0. List the prime factors of (-4)/g*2*41.
41
Let n be (3 - 2)*-10 - 2. Let k = -18 + 13. What are the prime factors of (n/k)/((-3)/(-20))?
2
Let m(l) = l**3 + 4*l**2 - 7*l + 4. Let h be m(-6). Suppose 9*b + 1496 = -25*b. Let j = h - b. What are the prime factors of j?
2, 3
Let l = 1637 + 2310. What are the prime factors of l?
3947
Let j = 157 + -97. What are the prime factors of 2/(8/(-318))*(-40)/j?
53
Let o(z) = z**2 - 4*z - 27. Let d be o(7). List the prime factors of 71*(-12)/(-9) + (-2)/d.
5, 19
Let i(l) = -10*l + 9. Let f be i(7). Let x = 140 + f. List the prime factors of x.
79
Let z(o) = 33*o**2 - 2*o + 1. Let p be z(1). Let s be (11/(-33))/((-1)/6). Suppose -s*d = 2*d - p. List the prime factors of d.
2
Suppose 59 = 5*p - 291. Suppose w + 4*w = p. Let c = 33 - w. List the prime factors of c.
19
Let l(o) = 18*o**2 - 34*o - 28. What are the prime factors of l(8)?
2, 3, 71
Let w be 1/2 - (-1482)/12. Let m = w - 62. List the prime factors of m.
2, 31
Suppose -21610 = 12*g + 10790. What are the prime factors of (-1 + 1)*-1 + g/(-18)?
2, 3, 5
Let x be 3*1 - (3 + -8). Let f(i) = i - 8. Let j be f(x). Suppose -30 = -j*w - 2*w. List the prime factors of w.
3, 5
Suppose p - 4*p - 5*w = -5, 3 = 3*p + 3*w. Suppose p*c = c - 5. Suppose -c*u = 194 - 554. What are the prime factors of u?
2, 3
List the prime factors of (-11)/(44/8) - -248.
2, 3, 41
List the prime factors of (-1018)/((10/10)/(-2)).
2, 509
Let z be 1 + 3 + 439 + -4. Let j = -262 + z. What are the prime factors of j?
3, 59
Let u = -24 + 36. Let k = u + -12. Suppose 0 = -k*l - l, -17 = -o + l. List the prime factors of o.
17
Suppose 748*x + 8012 = 752*x. List the prime factors of x.
2003
Let i = 1436 - 843. What are the prime factors of i?
593
Suppose 0 = 18*o - 18818 - 12844. List the prime factors of o.
1759
Let q be -9*(5 + (-42)/9) + 6. Suppose -3*n + 284 = -n. Suppose -h = -q*h + n. List the prime factors of h.
71
Let f(z) = 3 - 10 - 18*z**2 + z**3 + z + 6. List the prime factors of f(18).
17
Suppose 5*t + t = 3294. What are the prime factors of t?
3, 61
Let s(a) = 43*a**2 + 4*a + 5. Let t = 26 + -28. List the prime factors of s(t).
13
Let b = -1041 + 2456. What are the prime factors of b?
5, 283
Suppose 4*p + 74 = 5*p + 3*i, 4*p + 3*i = 260. Let f be (162/(-9))/(-3 + 1) - 6. Suppose -d - p = -f*d. Li